ighest common factor of 337 and 15679599?
337
What is the greatest common factor of 665922 and 77244?
246
What is the greatest common divisor of 327700 and 8023?
113
Calculate the greatest common divisor of 39984 and 1355529.
357
Calculate the greatest common factor of 3094452 and 22284.
36
What is the greatest common factor of 358101721 and 817?
817
Calculate the highest common divisor of 22 and 27207202.
22
Calculate the highest common divisor of 95081 and 1454462.
47
Calculate the highest common divisor of 53547 and 24039857.
1373
Calculate the highest common divisor of 32542138 and 11570.
178
Calculate the highest common factor of 3870654 and 32.
2
Calculate the greatest common factor of 49245 and 278880.
105
Calculate the highest common factor of 42 and 25822958.
14
What is the highest common divisor of 25507 and 8?
1
What is the greatest common factor of 58113351 and 3204?
801
Calculate the greatest common divisor of 2968 and 127921171.
371
Calculate the greatest common divisor of 336 and 63286503.
21
What is the highest common factor of 810840 and 270?
30
Calculate the highest common divisor of 101817 and 139946.
419
Calculate the highest common factor of 5246040 and 84.
12
What is the greatest common divisor of 75802014 and 102?
102
What is the greatest common divisor of 509725 and 4175?
25
Calculate the greatest common factor of 66297521 and 1284.
107
Calculate the greatest common divisor of 7 and 17332847.
7
What is the greatest common factor of 1084825 and 159950?
175
What is the greatest common divisor of 8130 and 9435?
15
What is the highest common divisor of 242777916 and 36?
36
Calculate the greatest common divisor of 17481840 and 28704.
1104
Calculate the highest common divisor of 7750 and 249546125.
3875
What is the greatest common divisor of 1730 and 10918030?
1730
Calculate the greatest common factor of 5560 and 77364064.
1112
Calculate the highest common divisor of 33794 and 1488034.
122
Calculate the highest common divisor of 22 and 64140087.
11
Calculate the highest common divisor of 19338293 and 52.
13
What is the greatest common divisor of 4920422 and 123578?
2522
What is the highest common factor of 33121314 and 18?
18
What is the highest common factor of 132 and 55838332?
44
Calculate the greatest common factor of 38976 and 4548012.
2436
Calculate the greatest common factor of 40902 and 25738.
34
Calculate the highest common factor of 1005 and 3849585.
15
What is the highest common factor of 18888 and 53379062?
1574
What is the greatest common factor of 1344692 and 2831888?
1516
Calculate the highest common factor of 4304 and 46561748.
1076
What is the greatest common divisor of 7305 and 740240?
2435
Calculate the greatest common factor of 333346068 and 22.
22
What is the highest common factor of 230 and 18931460?
10
What is the highest common divisor of 684 and 279324?
36
What is the highest common factor of 2247 and 587751?
321
Calculate the greatest common factor of 408 and 1565292.
204
Calculate the highest common factor of 568374 and 6578158.
4406
Calculate the greatest common divisor of 39743693 and 7579.
583
Calculate the greatest common divisor of 598235 and 113150.
365
Calculate the greatest common factor of 944586623 and 51.
17
Calculate the highest common factor of 127775 and 13547.
19
Calculate the highest common factor of 166686 and 28392.
78
What is the greatest common divisor of 8 and 1629083?
1
What is the highest common factor of 9549476 and 608?
76
Calculate the greatest common divisor of 197130554 and 4786.
4786
What is the highest common factor of 168 and 48381704?
56
What is the greatest common factor of 107013009 and 1059?
1059
What is the highest common factor of 176 and 253895728?
16
Calculate the highest common factor of 19440 and 955440.
720
Calculate the highest common factor of 88 and 77408562.
22
Calculate the highest common factor of 3998 and 76.
2
Calculate the greatest common divisor of 21774500 and 3850.
550
What is the highest common divisor of 4560731 and 20720?
259
What is the greatest common factor of 28792 and 1310744?
472
Calculate the greatest common divisor of 10940 and 18099136.
2188
What is the highest common factor of 169400 and 91112?
56
What is the greatest common divisor of 130776841 and 13?
13
What is the highest common factor of 1886902 and 9389?
41
What is the highest common divisor of 2266 and 12393784?
206
Calculate the highest common factor of 832776732 and 184.
92
What is the highest common divisor of 2536 and 449945996?
1268
Calculate the greatest common factor of 1923 and 4750451.
641
What is the greatest common factor of 3159 and 515794149?
1053
What is the highest common divisor of 40068 and 1770624?
1908
Calculate the greatest common factor of 1198 and 11730217.
599
What is the greatest common factor of 24828224 and 736?
736
Calculate the greatest common factor of 11110860 and 780.
60
What is the highest common factor of 33 and 16905878?
11
What is the greatest common factor of 398970 and 24750?
990
What is the highest common divisor of 14 and 52907834?
14
What is the highest common factor of 1182 and 9330648?
6
What is the highest common factor of 3299457 and 268863?
1239
What is the greatest common divisor of 255 and 751085?
5
Calculate the greatest common factor of 15288 and 300893712.
1176
What is the greatest common factor of 22671 and 18804335?
2519
Calculate the highest common divisor of 13300 and 830900.
700
What is the greatest common factor of 6300 and 6875883?
63
Calculate the greatest common divisor of 550 and 843128.
22
What is the highest common factor of 2454 and 31553532?
2454
Calculate the greatest common factor of 340 and 194665810.
170
What is the highest common factor of 1975 and 661196425?
1975
What is the greatest common factor of 6644 and 8076?
4
Calculate the greatest common factor of 2541 and 6240339.
21
Calculate the greatest common divisor of 26336 and 2784.
32
Calculate the highest common divisor of 865358 and 140270.
2158
Calculate the highest common divisor of 4740 and 7652098.
158
What is the greatest common divisor of 75628886 and 34?
34
Calculate the highest common divisor of 48420 and 28580.
20
Calculate the greatest common factor of 7366 and 591766025.
3683
What is the greatest common factor of 7097 and 254035?
47
Calculate the greatest common factor of 261782 and 646.
38
What is the greatest common factor of 57077248 and 8157?
2719
What is the greatest common factor of 144164 and 19251?
23
Calculate the greatest common factor of 482 and 40745147.
241
What is the highest common divisor of 9217848 and 115?
23
Calculate the highest common factor of 220 and 4852045.
55
Calculate the greatest common divisor of 3709697 and 360967.
4349
Calculate the highest common factor of 158598 and 24012912.
5874
Calculate the greatest common factor of 6597 and 158813979.
2199
What is the greatest common factor of 707 and 309919409?
101
What is the highest common divisor of 68 and 21994634?
34
Calculate the highest common factor of 624 and 8845356.
156
Calculate the greatest common factor of 858 and 4975217.
13
What is the highest common factor of 133 and 142500?
19
What is the highest common divisor of 8886632 and 156?
4
Calculate the greatest common divisor of 957480 and 480.
120
Calculate the greatest common divisor of 385 and 29595060.
55
What is the highest common divisor of 240345 and 1355130?
315
Calculate the highest common factor of 63574 and 21846034.
3346
What is the greatest common divisor of 938095 and 1492?
373
What is the highest common divisor of 312070 and 1760?
110
What is the greatest common divisor of 989 and 368209?
43
Calculate the greatest common divisor of 559004 and 8659743.
4819
Calculate the greatest common factor of 14182620 and 660.
60
What is the highest common factor of 57904344 and 1164?
1164
What is the greatest common divisor of 50474500 and 700?
100
What is the highest common divisor of 593 and 2549307?
593
What is the greatest common factor of 197810 and 28165?
655
What is the highest common divisor of 797562 and 38232?
1062
Calculate the greatest common factor of 2798088 and 3036.
276
Calculate the greatest common factor of 217 and 54187721.
217
Calculate the greatest common factor of 33450 and 9411492.